
Let b(g) = g**2 + 91*g + 664. What is b(-8)?
0
Let s(p) = -3*p**2 + 131*p + 68. Give s(44).
24
Let p(m) = -m**2 - 38*m - 360. Determine p(-18).
0
Let u(y) = -38*y**2 + 501*y - 100. Calculate u(13).
-9
Let n(b) = 206*b + 236. Determine n(-2).
-176
Let s(x) = 144*x + 31. Calculate s(-2).
-257
Let z(r) = -19*r**2 - 46*r - 34. What is z(-2)?
-18
Let p(w) = -w**3 - 37*w**2 - 35*w + 71. Calculate p(-36).
35
Let r(n) = -17*n**2 - 25*n + 23. Give r(-2).
5
Let r(p) = p**3 + 4*p**2 - 9*p - 15. Determine r(-6).
-33
Let h(t) = 42*t**2 - 674*t + 30. Determine h(16).
-2
Let g(y) = 24*y**2 - 24*y + 5. Determine g(1).
5
Let p(j) = -j - 102. Give p(-30).
-72
Let l(x) = 3*x**2 - 324*x - 1289. Calculate l(112).
55
Let n(v) = 352*v + 2804. What is n(-8)?
-12
Let o(f) = 96*f**2 + f - 168. Determine o(0).
-168
Let x(g) = -g**2 - 6*g + 69. Give x(-11).
14
Let p(c) = -2*c**2 - 29*c - 102. Calculate p(-6).
0
Let o(f) = 228*f + 3967. Determine o(-17).
91
Let y(s) = -s + 671. Determine y(65).
606
Let k(w) = -25*w + 1526. Give k(60).
26
Let r(s) = s**3 + 11*s**2 + 10*s + 5. Determine r(-9).
77
Let v(k) = -5*k**3 + 18*k**2 + 675*k - 2682. Calculate v(4).
-14
Let m(t) = 2*t**2 - 110*t - 828. What is m(-8)?
180
Let m(x) = -5*x**2 - 21*x + 67. Calculate m(6).
-239
Let h(w) = -14*w - 129. Give h(-9).
-3
Let k(c) = 17*c**2 - 2296*c + 2410. What is k(134)?
-2
Let a(k) = -k**3 + 80*k**2 - 118*k + 3080. Give a(79).
-1
Let m(j) = -8*j**3 + 246*j**2 - 176*j - 109. Calculate m(30).
11
Let h(b) = 166*b - 4319. Give h(26).
-3
Let x(b) = -81*b - 47. What is x(0)?
-47
Let r(o) = -o**3 + o**2 + 59*o + 34. Determine r(9).
-83
Let a(w) = -w**3 + 25*w**2 - 13*w - 322. Give a(25).
-647
Let p(d) = -d**3 + 22*d**2 + 131*d + 67. What is p(27)?
-41
Let f(s) = -3*s**3 + 191*s**2 + 68*s - 259. What is f(64)?
-3
Let f(c) = -c**3 - c**2 - 33*c + 234. What is f(6)?
-216
Let m(l) = 15*l + 134. Calculate m(-10).
-16
Let h(d) = -2*d**2 - 149*d - 628. Determine h(-70).
2
Let f(n) = n**3 - 30*n**2 - 66*n + 62. Calculate f(32).
-2
Let t(z) = z**3 - 14*z**2 + 49*z - 35. Give t(5).
-15
Let t(z) = -344*z + 5818. Give t(17).
-30
Let m(s) = -21*s - 945. Calculate m(-29).
-336
Let k(q) = q**3 - 14*q**2 - 242*q + 363. Give k(-11).
0
Let q(v) = 150*v - 3050. Calculate q(20).
-50
Let m(g) = -g**3 - 43*g**2 + 100*g + 438. Calculate m(-45).
-12
Let a(z) = z**3 - 20*z**2 - 24*z - 63. Determine a(21).
-126
Let h(i) = -4*i**2 - 15*i + 68. Determine h(-6).
14
Let v(z) = 3*z**3 - 122*z**2 - 249*z - 7. Calculate v(-2).
-21
Let r(m) = -45*m + 226. Calculate r(5).
1
Let y(g) = -22*g + 151. What is y(17)?
-223
Let a(h) = -2751*h - 24693. Calculate a(-9).
66
Let m(b) = 597*b - 7785. Determine m(13).
-24
Let s(y) = 2379*y - 11891. Calculate s(5).
4
Let k(h) = -4*h**2 - 51*h - 22. Give k(-11).
55
Let n(w) = w**3 + 11*w**2 + 11*w + 44. Calculate n(-9).
107
Let j(z) = z**2 - 6*z - 5. What is j(-5)?
50
Let m(b) = 8*b + 390. Determine m(-21).
222
Let u(k) = 11*k**2 - 41*k + 9. What is u(6)?
159
Let f(i) = i**3 + 9*i**2 - 12*i - 138. Calculate f(-6).
42
Let b(v) = 4504*v + 103586. Calculate b(-23).
-6
Let o(q) = 52*q + 4373. Calculate o(-84).
5
Let x(n) = -82*n + 3848. Determine x(47).
-6
Let s(g) = -10*g**3 - 561*g**2 - 54*g + 110. What is s(-56)?
-2
Let h(w) = 38*w - 37. Give h(4).
115
Let o(z) = z**3 + 132*z**2 + 996*z + 531. Determine o(-124).
35
Let d(s) = s**2 - 22*s + 17. Give d(15).
-88
Let u(a) = -2*a**2 + 23*a - 62. What is u(9)?
-17
Let g(p) = 2*p**3 + 11*p**2 + 3*p - 1. Give g(-5).
9
Let m(q) = -10*q + 65. Determine m(32).
-255
Let r(t) = -34*t - 269. Calculate r(-21).
445
Let t(j) = -5*j**2 - 9*j + 21. What is t(2)?
-17
Let i(g) = -152*g - 14482. Give i(-95).
-42
Let z(y) = 5*y**2 + 88*y - 377. Calculate z(4).
55
Let l(f) = -22*f**2 - 7*f - 27. Give l(-3).
-204
Let p(u) = -2*u**2 - 34*u + 464. Determine p(9).
-4
Let u(b) = 15*b**2 - 19*b + 49. Give u(2).
71
Let q(z) = -518*z**2 + 3625*z + 2. Give q(7).
-5
Let q(m) = -66*m - 352. What is q(-3)?
-154
Let z(w) = -9*w + 528. Determine z(45).
123
Let o(j) = 7*j**2 + 13*j + 12. Give o(-6).
186
Let b(k) = -k**3 - 11*k**2 - 4*k + 43. Calculate b(-11).
87
Let v(r) = 257*r + 8745. Give v(-34).
7
Let k(g) = -59*g**2 + 1832*g - 101. Determine k(31).
-8
Let w(y) = 112*y + 5041. What is w(-45)?
1
Let k(j) = 7*j**3 + 1006*j**2 - 283*j + 710. Determine k(-144).
-10
Let l(p) = p**3 + 3*p**2 - 6*p - 11. What is l(6)?
277
Let k(o) = 3*o**2 + 1270*o - 2541. What is k(2)?
11
Let k(u) = -2*u**3 + u**2 + 30*u - 51. Calculate k(0).
-51
Let x(u) = -55*u + 912. Calculate x(12).
252
Let s(b) = -b**3 + 77*b**2 + 11*b - 856. What is s(77)?
-9
Let b(y) = -10*y**3 + 2*y**2 + 7*y + 12. Determine b(-4).
656
Let b(a) = -a**3 - 66*a**2 - 24*a - 1572. Determine b(-66).
12
Let k(a) = -a**2 - 176*a - 7109. What is k(-63)?
10
Let y(x) = -11*x**2 + 162*x - 20. What is y(14)?
92
Let i(v) = -2*v**3 + 8*v**2 + 16*v + 15. Determine i(6).
-33
Let j(m) = 13*m**2 + 11*m - 9. Determine j(-4).
155
Let c(j) = 82*j + 185. Determine c(-6).
-307
Let b(z) = -z**3 - 2*z**2 + 4*z - 16. Determine b(-2).
-24
Let y(k) = k**3 - 71*k**2 - 2*k + 152. What is y(71)?
10
Let b(a) = 8*a**3 + 128*a**2 + 5*a + 64. What is b(-16)?
-16
Let i(a) = 35*a**2 + 9*a - 20. Calculate i(3).
322
Let k(m) = -59*m + 231. Calculate k(4).
-5
Let l(a) = a**3 - 4*a**2 - 14*a - 59. Give l(7).
-10
Let d(y) = -5*y**2 + 419*y - 283. Give d(82).
455
Let d(x) = x**3 - 75*x**2 + 62*x + 1097. Give d(74).
209
Let v(d) = -d**2 - 112*d - 2045. Calculate v(-23).
2
Let v(r) = -17*r**2 + 1697*r + 298. Calculate v(100).
-2
Let q(x) = x**3 - 36*x**2 + 72*x - 147. Determine q(34).
-11
Let f(u) = -u**3 - 50*u**2 + 318*u - 1002. Calculate f(-56).
6
Let s(t) = -t + 71. Calculate s(0).
71
Let s(o) = -o**3 - 13*o**2 + o + 249. What is s(-9)?
-84
Let m(s) = -73*s + 3513. What is m(48)?
9
Let q(j) = -659*j + 4324. What is q(7)?
-289
Let j(u) = u**3 + 12*u**2 - 19*u - 72. What is j(-13)?
6
Let v(h) = h**2 - 199*h + 9307. What is v(122)?
-87
Let f(r) = -7*r**2 - 10*r + 21. Give f(3).
-72
Let t(o) = 160*o - 1143. Calculate t(7).
-23
Let m(l) = 55*l - 11. What is m(-3)?
-176
Let h(y) = -y**3 + 43*y**2 - 184*y + 1091. Calculate h(39).
-1
Let x(n) = 2*n + 30. What is x(-26)?
-22
Let q(b) = -93*b + 187. What is q(2)?
1
Let n(y) = 690*y + 4842. What is n(-7)?
12
Let w(l) = 2*l**3 + 11*l**2 - 163*l - 56. Give w(-12).
28
Let f(z) = -z**3 + 6*z**2 + 5*z - 43. What is f(6)?
-13
Let q(b) = -8*b**3 - 8*b**2 + 14*b - 33. Give q(4).
-617
Let b(z) = -2*z**2 - 406*z - 12538. Calculate b(-38).
2
Let h(t) = -t**3 - 3*t**2 - 5*t - 14. Give h(-4).
22
Let t(m) = 18*m + 43. Determine t(-3).
-11
Let v(u) = -16*u**2 - 206*u + 28. Determine v(-10).
488
Let s(p) = 2*p**3 - 6*p**2 - 5*p - 2. What is s(5)?
73
Let b(c) = -c**3 - 24*c**2 + 29*c - 40. What is b(-24)?
-736
Let m(y) = -3*y**3 + 151*y**2 - 46*y - 8. Give m(50).
192
Let d(r) = -2*r**3 - 2*r**2 + 224*r - 21. Give d(10).
19
Let d(v) = -6*v**2 + 25*v + 9. Calculate d(-4).
-187
Let z(t) = t**2 + 25*t + 205. What is z(-15)?
55
Let j(l) = 36*l - 608. What is j(27)?
364
Let n(v) = 2*v**2 + 236*v - 480. Determine n(-120).
0
Let g(a) = -a**3 + 30*a**2 - 36*a + 217. Calculate g(29).
14
Let u(c) = 1685*c + 153337. Calculate u(-91).
2
Let u(a) = a**3 - 13*a**2 + 16*a - 203. Determine u(13).
5
Let o(u) = -4*u**2 - 33*u + 1207. What is o(-22)?
-3
Let l(r) = 203*r + 2659. What is l(-13)?
20
Let v(j) = -j**3 + 92*j**2 + 180*j + 996. Calculate v(94).
244
Let k(n) = -4*n**3 + 15*n**2 - 2*n + 12. What is k(4)?
-12
Let s(c) = 2*c**2 + 22*c - 2306. Determine s(28).
-122
Let h(t) = 16058*t + 112391. Calculate h(-7).
-15
Let z(g) = 3270*g - 19531. Determine z(6).
89
Let s(b) = -1159*b - 6893. What is s(-6)?
61
Let k(t) = 30*t + 186. Give k(-6).
6
Let v(q) = 4*q**2 + 255*q - 392. What is v(-65)?
-67
Let d(y) = -3*y**2 + 114*y - 6. Determine d(38).
-6
Let l(v) = -v**3 + 8*v**2 + 244*v + 395. What is l(-11)?
10
Let a(z) = 11*z**2 - 54*z - 51. Calculate a(-1).
14
Let d(k) = -k**3 - 58*k**2 - 72*k - 870. What is d(-57)?
-15
Let r(t) = -2*t**2 - 15*t + 191. Give r(9).
-106
Let o(v) = 35*v + 294. Give o(-7).
49
Let h(k) = 53*k + 357. Give h(-5).
92
Let n(z) = z**3 - 2*z**2 + 1484*z - 7470. Give n(5).
25
Let h(n) = 656*n + 24141. Calculate h(-37).
-131
Let c(a) = a**2 + 31